 38 = 0, 4*o + 4 = 4*a. Let u be r(a). What is the units digit of 14/35 + u/(-10)?
8
Let s = -26 - -78. Suppose 0 = -5*k + 7*k - s. What is the units digit of k?
6
Let c be (9/3)/(2/2). Let d = -5 + c. What is the units digit of 6/5*(-15)/d?
9
Let g = -5 - -8. Let h(r) = r**3 - 2*r. Let d be h(2). Let u = d - g. What is the units digit of u?
1
Let i(b) = 6*b - 3 - b**3 + 1 + 5*b**2 + 4. Let l be i(6). Suppose -l*r + 6*r - 20 = 0. What is the units digit of r?
5
Let c = 63 + -120. Let a be 1/4 + c/(-12). Let w = a - -7. What is the tens digit of w?
1
Suppose 2*j + 8 - 31 = -q, -4*j + 37 = -q. What is the units digit of ((-8)/(-10))/(4/j)?
2
Let f = 4 - 2. Let b be 15/(-20) - (-15)/4. Suppose -b*z + 3 = -12, -5*s + 55 = f*z. What is the units digit of s?
9
Suppose -81 = -3*x - 24. What is the tens digit of x?
1
Let y(q) = -4*q**2 + 2*q - 11 + 28 - 19 + 7*q**2. Suppose 3*k + 0 = 6. What is the units digit of y(k)?
4
Let u(a) = -2*a - 9. Let t be u(-6). Suppose h = t - 0. Suppose -6*y + y - 18 = -h*s, 5*y + 20 = 5*s. What is the units digit of s?
1
Let b = 2 - 3. Let o = 5 + b. What is the units digit of o?
4
Let w(k) = k**3 - 3*k**2 - 5*k - 6. What is the tens digit of w(6)?
7
Suppose 2*j - 4 = 2. Suppose -5*p - j*z + 125 = 0, 4*z - 2*z = 4*p - 78. What is the tens digit of p?
2
Suppose -s + 3*f - 11 = s, 4*f - 14 = 3*s. What is the units digit of (6 - 0/3) + s?
8
Suppose -2*m + 5*g - 25 = 0, -5 + 0 = -g. Suppose m*n - 2*n = -14. What is the units digit of n?
7
Let d(f) = 9*f - 3. Let g be d(3). Suppose -4*c + 2*h = -34, g = 4*c - 0*c - 4*h. What is the tens digit of c?
1
Let p be 55/4 + 1/4. Let s be (12/(-14))/((-2)/p). What is the units digit of 4/6 + 8/s?
2
Let q be (-1)/(-1 + 20/22). Let t = q - 7. Suppose 0 = s - 7 - t. What is the tens digit of s?
1
Suppose 6*v = 2*v. Suppose 81 = -v*z + 3*z. What is the tens digit of z?
2
Suppose 4*f - g - 21 = 0, -f + 0*g = -2*g - 7. Suppose 0 = s - 5*k + 8, -f*s - 4*k = -18. Suppose 0*t = -s*t + 26. What is the units digit of t?
3
Let g(a) = 3*a**2 - 5*a - 16. What is the units digit of g(8)?
6
What is the tens digit of 200/2 + 8 + -11?
9
Let n(o) = 3*o**3 - 5*o**2 + 4 + 3*o + 0*o**2 - 9*o**2. Let p(x) = -x**3 + 5*x**2 - x - 1. Let f(j) = 6*n(j) + 17*p(j). What is the units digit of f(0)?
7
Let v be 1/(-3) - (-88)/12. Let x = v - 3. Suppose -5*g + 23 = x*p, -g = -2*p + 3*g - 8. What is the units digit of p?
2
Let z(b) = -b**2 + b + 3. Let n(x) = x**2 - x - 3. Let r(h) = 3*n(h) + 2*z(h). Suppose 4*s + 4*j = 3*s - 7, 9 = -4*s + 3*j. What is the units digit of r(s)?
9
Suppose 4*z = -4*v + 24, -5*v + 0*z + z = -48. Let f be (-2)/v - 660/(-54). Suppose 0 = 2*r + r - f, y = 5*r - 10. What is the units digit of y?
0
Suppose 5 = -3*x - 7. Let t be ((-6)/x)/((-1)/2). Let p = 17 + t. What is the tens digit of p?
1
Suppose 0*f = 3*f + 4*h - 38, 3*h = -f + 6. What is the units digit of f?
8
Let h(s) = -31*s**2 - 5*s + 2. Let r(n) = -15*n**2 - 3*n + 1. Let g(w) = -3*h(w) + 5*r(w). What is the units digit of g(1)?
7
Let v(w) = w**3 + 7*w**2 - 2. What is the tens digit of v(-6)?
3
Suppose 0 = 2*z - 5*z - 2*c + 15, 0 = -5*z - 4*c + 27. Suppose -w - 4*w - i + 197 = 0, i + z = 0. What is the units digit of w?
0
Let b(n) = -5*n + 4*n**2 + 4*n - 2 - 3*n**2 + 2*n. What is the units digit of b(3)?
0
Suppose -21 = -0*g - g - 5*t, g - 20 = -4*t. What is the units digit of g?
6
Suppose 6*d + 16 = 2*d. Let s(p) = -6*p - 6. What is the tens digit of s(d)?
1
What is the units digit of (-1)/(3 - 210/69)?
3
Suppose 37 = t + 16. What is the units digit of t?
1
Suppose -2*l = -7*l + 20. Suppose -2*i + 0*i = j - 5, -l*i - 3*j = -5. Suppose -7*q - m + 24 = -3*q, q + i = -3*m. What is the units digit of q?
7
Let j(f) = -f**3 - 4*f**2 - 2*f + 1. Let t be j(-3). Let y be t/3 - (-16)/6. Suppose -y*c = c - 15. What is the units digit of c?
5
Suppose -4*p + 17 = 5*k - 7*p, -4*p = -4. Suppose -124 = -k*b - 0*b. What is the units digit of b?
1
Let z = 13 + -7. Let p = 10 - z. What is the units digit of 10/(-1)*(p + -5)?
0
Let k = -9 + 15. Suppose 18 = g - k. What is the tens digit of g?
2
Let d be -4*(3 + -4)*1. What is the tens digit of (d - -3)*(-72)/(-14)?
3
What is the tens digit of (-1 + -133)*(-2)/4?
6
Let s = 157 - 94. What is the tens digit of s?
6
Suppose 0 = -3*w + 2*t - 36, -5*w - 60 = 2*t + 2*t. What is the units digit of -1 - w - (1 - 1)?
1
Let h(i) = -15*i - 54. What is the hundreds digit of h(-19)?
2
Let b(w) = 16*w**3 - w. Let c = -10 + 11. What is the units digit of b(c)?
5
Suppose 3*x - 2*x + 48 = h, 6 = -2*x. Let r = -25 + h. What is the units digit of r?
0
What is the units digit of 8 - (0 + -12)/(-4)?
5
Let t(c) = -c**3 - 7*c**2 - 7*c + 2. Let h be t(-6). What is the tens digit of (-1 - 0)/(h/(-256))?
3
Suppose 0 = n - 4*r - 76, -6*r + 100 = 2*n - r. What is the units digit of n?
0
Suppose m = 6*m. Suppose -3*j + j = 3*x - 8, m = 4*x + 2*j - 12. What is the units digit of x?
4
Let x(a) = -2 - 5*a + 3*a + a**2 - a + 2*a. Let y be x(3). Suppose -4*n + 4*o + 36 = 0, y*n - 39 = -n + 3*o. What is the units digit of n?
6
Suppose -2*v - 2*v = -172. Suppose v = -5*r - 17. Let t = -8 - r. What is the units digit of t?
4
Let y(w) = -37*w + 1. What is the units digit of y(-1)?
8
Suppose -3*o = -4*a + 47, 3*a + 2 = 17. Let l = 16 + o. Let n = l + -1. What is the units digit of n?
6
Let q = 5 + 2. Let p(m) = m**3 - 7*m**2 + 3*m - 10. What is the tens digit of p(q)?
1
Suppose 20*r - 20 = 16*r. What is the units digit of r?
5
Let p be 0 + 0 + (7 - 17). What is the units digit of (-24)/p*20/3?
6
Let x = 46 + -7. What is the tens digit of x?
3
Let f(s) = -8*s + 1. Let n be f(-4). Suppose 1 = -4*x + n. What is the units digit of (x/(-4))/((-1)/5)?
0
Suppose -3*q + q = -70. Suppose 0 = 4*j + 3 - q. Suppose 0*b + j = 4*b. What is the units digit of b?
2
Suppose 0 = 4*o - x - 3, -5 = 3*o + 2*x + 1. Suppose o = -2*q + 14 + 8. What is the tens digit of q?
1
Let l = 39 + -29. Let c(b) = 11*b - 4 - b**2 + 2*b - 2*b. What is the units digit of c(l)?
6
Let p = 21 - 15. Let g(h) = 3*h + 8. What is the units digit of g(p)?
6
Suppose 0*f + 30 = 2*v + 2*f, 2*v - 3*f - 20 = 0. Suppose 2*w - 11 = v. What is the tens digit of w?
1
Suppose 3*j - 3 = 9. Let f be j + -1 + (-2)/2. What is the units digit of 1 - (f + -5 - -2)?
2
Let u(m) = -m**2 + 3*m + 2. Let b be u(3). Suppose -4*s + b = -5*s, -5*d = 4*s - 62. What is the tens digit of d?
1
Suppose 4*m - 2*m = -2, 3*o = 5*m + 17. Suppose o*j - 12 = 0, -j - 2 + 5 = 5*b. Suppose -3*h + 5*p + 24 = b, 4*p + 3 = 4*h - 7*h. What is the units digit of h?
3
Suppose 2*t - 5*m = 6*t - 385, -4*m = 4*t - 388. What is the hundreds digit of t?
1
Let f be (-5)/(-2)*-1*2. What is the units digit of 1/(-5) + (-11)/f?
2
Let r(s) = -s**3 + 5*s**2 + s - 7. Let p be r(5). What is the units digit of 8/5 + p/(-5)?
2
Let t(w) = -w**3 + 4*w**2 - 2*w + 4. Let a be t(4). Let x = -3 + -5. What is the units digit of (-2)/a*-6 - x?
5
Suppose 0 = -y - 3*r - 1, 0 = 5*r + 10. Suppose -3*w = -3*i - 3, -3*w - y*i + 23 = -3*i. What is the units digit of w?
5
Let n = 2 + 1. Suppose 3*b - 3 = -4*o, -4*b + 1 + n = o. What is the units digit of 7*b - (-18)/(-9)?
5
Suppose 10*q - 12*q - 34 = 0. Suppose -2*i - 5*m = 10, -3*m + 24 = -3*i - 6*m. Let o = i - q. What is the units digit of o?
7
Suppose 0 = -5*d - 6 + 36. Let j = -3 + d. Suppose j*y = 30 + 3. What is the units digit of y?
1
Let a be 2/3 - 13/(-3). Suppose -3*u = -4*n + 95, -2*u - a = 2*n - 35. Let s = n + -9. What is the units digit of s?
1
Let u be 2 - (1 + -3 + 2). Suppose r - 10 - 19 = -u*q, -130 = -4*r - q. What is the units digit of (-1)/(2 + r/(-15))?
5
Let f be ((-1)/3 + 1)*-6. Let v be (-26)/(-8)*(-8 - f). Let p = v - -27. What is the tens digit of p?
1
Let j = 4 + -6. Let w = 5 + j. Suppose -37 = -w*a - 1. What is the units digit of a?
2
Let z(a) = -a - 4. Let i be z(-7). Suppose i*x = 14 + 22. What is the units digit of x?
2
Suppose 17 + 213 = 5*s. What is the units digit of s?
6
Suppose -3*x + 83 = 1730. What is the units digit of (-2)/8 - x/36?
5
Let c be -2 - (-44 + 1 - 3). Suppose -68 = -2*b - 3*b + 4*y, -2*y = 4*b - c. What is the units digit of b?
2
Let z be (6/(-8))/(2/16). Let m be -5*(0 + (-36)/15). Let j = z + m. What is the units digit of j?
6
Let t be (-4)/6 + 36/